{"id":255,"date":"2020-08-23T23:45:04","date_gmt":"2020-08-23T20:45:04","guid":{"rendered":"http:\/\/www.silkkisolmu.fi\/?page_id=255"},"modified":"2021-01-14T14:16:15","modified_gmt":"2021-01-14T12:16:15","slug":"kasvomaskitkansanmaskit","status":"publish","type":"page","link":"http:\/\/www.silkkisolmu.fi\/?page_id=255","title":{"rendered":"Kasvomaskit\/Kansanmaskit"},"content":{"rendered":"<p>Myymme kangasmaskeja tilauksesta susanna@silkkisolmu.fi.<\/p>\n<p>1-10kpl tilaus<\/p>\n<p>10e\/kpl istutettu malli<\/p>\n<p>10,90e\/kpl laskostettu malli<\/p>\n<p>isommat tilaukset ja maskit omalla logolla pyyd\u00e4 tarjous!<\/p>\n<p>&nbsp;<\/p>\n<p>Kasvomaski ei suojaa maskin k\u00e4ytt\u00e4j\u00e4\u00e4 viruksilta, mutta se voi oikein k\u00e4ytettyn\u00e4 est\u00e4\u00e4 virusta kantavaa henkil\u00f6\u00e4 tartuttamasta muita<strong>.<\/strong><\/p>\n<p><strong>Materiaali:<\/strong><\/p>\n<p>Kolme kerrosta puuvillaa TAI kaksi kerrosta puuvillakangasta ja yksi v\u00e4likerros polypropyleenia. (100% polypropyleeni kasvomaskisuodatinkuitu. 3-kerros pr\u00e4ss\u00e4tty suodatinmateriaali kasvomaskeihin.Voidaan k\u00e4ytt\u00e4\u00e4 yksin\u00e4\u00e4n tai muiden kankaiden v\u00e4liss\u00e4.\u00d6ko-Tex 100 sertifikaatti.)<\/p>\n<p>Kasvomaskissa on kuminauhat, jotka voi s\u00e4\u00e4t\u00e4\u00e4 korvien taakse tai p\u00e4\u00e4n ymp\u00e4rille.<\/p>\n<p><strong>Pesu 90 asteessa tai keitt\u00e4m\u00e4ll\u00e4 <\/strong>muutama minuutti. Maski kutistuu hieman pesussa ja osassa kankaita v\u00e4rit saattavat haalistua. Pese maski ennen k\u00e4ytt\u00f6\u00f6nottoa.<\/p>\n<p><strong>K\u00e4ytt\u00f6:<\/strong><\/p>\n<p>Pue puhdas kasvomaski puhtain k\u00e4sin.<\/p>\n<p>\u00c4l\u00e4 koske maskiin k\u00e4yt\u00f6n aikana.<\/p>\n<p>Pese k\u00e4det ennen maskin riisumista ja riisu maski koskettaen vain sen kiinnitysnauhoihin.<\/p>\n<p>Laita maski suoraan pesukoneeseen tai muovipussiin. Pese k\u00e4det.<\/p>\n<p>Pese maski joka k\u00e4yt\u00f6n j\u00e4lkeen.<\/p>\n<p>Maskia tulisi k\u00e4ytt\u00e4\u00e4 vain muutama tunti kerrallaan, eik\u00e4 kostunutta maskia saa k\u00e4ytt\u00e4\u00e4.<\/p>\n<p>Syd\u00e4n- ja verenkiertosairauksien, astman tai keuhkoahtaumataudin oireet saattavat olla este k\u00e4ytt\u00e4\u00e4 kasvomaskia.<\/p>\n<p>&nbsp;<\/p>\n<p>HUOM! t\u00e4ll\u00e4 tuotteella ei ole vaihto- tai palautusoikeutta. T\u00e4m\u00e4 on hygieniatuote.<\/p>\n<p>&nbsp;<\/p>\n<p>Kysyth\u00e4n rohkeasti kangas vaihtoehdoista ja v\u00e4reist\u00e4. Otamme toiveita vastaa.<\/p>\n<p><strong>Istutettu malli<\/strong>:<\/p>\n<p>S-koko (Pieni kasvoiset,nuoriso) ulkokaari 16cm,lev.11cm<\/p>\n<p>M-koko (Naiset,Miehet) ulkokaari 17cm, lev.12cm<\/p>\n<p>L-koko (Miehet,Naiset) ulkokaari 18cm, lev.13cm<\/p>\n<p><a href=\"http:\/\/www.silkkisolmu.fi\/wp-content\/uploads\/2020\/08\/IMG_20201125_131944.jpg\"><img loading=\"lazy\" decoding=\"async\" class=\"alignnone wp-image-302 size-medium\" src=\"http:\/\/www.silkkisolmu.fi\/wp-content\/uploads\/2020\/08\/IMG_20201125_131944-300x300.jpg\" alt=\"Kasvomaski istutteu koot\" width=\"300\" height=\"300\" srcset=\"http:\/\/www.silkkisolmu.fi\/wp-content\/uploads\/2020\/08\/IMG_20201125_131944-300x300.jpg 300w, http:\/\/www.silkkisolmu.fi\/wp-content\/uploads\/2020\/08\/IMG_20201125_131944-150x150.jpg 150w, http:\/\/www.silkkisolmu.fi\/wp-content\/uploads\/2020\/08\/IMG_20201125_131944-1024x1024.jpg 1024w, http:\/\/www.silkkisolmu.fi\/wp-content\/uploads\/2020\/08\/IMG_20201125_131944.jpg 1564w\" sizes=\"auto, (max-width: 300px) 100vw, 300px\" \/><\/a><\/p>\n<p>&nbsp;<\/p>\n<p>Laskostettu malli:<\/p>\n<p>M koko lev. 22cm<\/p>\n<p>L koko lev. 24cm<\/p>\n<p><a href=\"http:\/\/www.silkkisolmu.fi\/wp-content\/uploads\/2020\/08\/IMG_20201125_133509.jpg\"><img loading=\"lazy\" decoding=\"async\" class=\"alignnone wp-image-303 size-medium\" src=\"http:\/\/www.silkkisolmu.fi\/wp-content\/uploads\/2020\/08\/IMG_20201125_133509-300x300.jpg\" alt=\"Laskosmalli\" width=\"300\" height=\"300\" srcset=\"http:\/\/www.silkkisolmu.fi\/wp-content\/uploads\/2020\/08\/IMG_20201125_133509-300x300.jpg 300w, http:\/\/www.silkkisolmu.fi\/wp-content\/uploads\/2020\/08\/IMG_20201125_133509-150x150.jpg 150w, http:\/\/www.silkkisolmu.fi\/wp-content\/uploads\/2020\/08\/IMG_20201125_133509-1024x1024.jpg 1024w, http:\/\/www.silkkisolmu.fi\/wp-content\/uploads\/2020\/08\/IMG_20201125_133509.jpg 1564w\" sizes=\"auto, (max-width: 300px) 100vw, 300px\" \/><\/a><\/p>\n<p>&nbsp;<\/p>\n<p>N\u00e4it\u00e4 l\u00f6ytyy mm.<\/p>\n<div id=\"attachment_313\" style=\"width: 160px\" class=\"wp-caption alignnone\"><a href=\"http:\/\/www.silkkisolmu.fi\/wp-content\/uploads\/2020\/08\/IMG_20201215_021000.jpg\"><img loading=\"lazy\" decoding=\"async\" aria-describedby=\"caption-attachment-313\" class=\"size-thumbnail wp-image-313\" src=\"http:\/\/www.silkkisolmu.fi\/wp-content\/uploads\/2020\/08\/IMG_20201215_021000-150x150.jpg\" alt=\"Kasvomaski pihlaja\" width=\"150\" height=\"150\" \/><\/a><p id=\"caption-attachment-313\" class=\"wp-caption-text\">Kasvomaski pihlaja<\/p><\/div>\n<div id=\"attachment_314\" style=\"width: 160px\" class=\"wp-caption alignnone\"><a href=\"http:\/\/www.silkkisolmu.fi\/wp-content\/uploads\/2020\/08\/IMG_20201215_021210.jpg\"><img loading=\"lazy\" decoding=\"async\" aria-describedby=\"caption-attachment-314\" class=\"wp-image-314 size-thumbnail\" src=\"http:\/\/www.silkkisolmu.fi\/wp-content\/uploads\/2020\/08\/IMG_20201215_021210-150x150.jpg\" alt=\"dav\" width=\"150\" height=\"150\" \/><\/a><p id=\"caption-attachment-314\" class=\"wp-caption-text\">Sarvekas<\/p><\/div>\n<div id=\"attachment_315\" style=\"width: 160px\" class=\"wp-caption alignnone\"><a href=\"http:\/\/www.silkkisolmu.fi\/wp-content\/uploads\/2020\/08\/IMG_20201215_021127.jpg\"><img loading=\"lazy\" decoding=\"async\" aria-describedby=\"caption-attachment-315\" class=\"wp-image-315 size-thumbnail\" src=\"http:\/\/www.silkkisolmu.fi\/wp-content\/uploads\/2020\/08\/IMG_20201215_021127-150x150.jpg\" alt=\"dav\" width=\"150\" height=\"150\" srcset=\"http:\/\/www.silkkisolmu.fi\/wp-content\/uploads\/2020\/08\/IMG_20201215_021127-150x150.jpg 150w, http:\/\/www.silkkisolmu.fi\/wp-content\/uploads\/2020\/08\/IMG_20201215_021127-300x300.jpg 300w, http:\/\/www.silkkisolmu.fi\/wp-content\/uploads\/2020\/08\/IMG_20201215_021127-1021x1024.jpg 1021w\" sizes=\"auto, (max-width: 150px) 100vw, 150px\" \/><\/a><p id=\"caption-attachment-315\" class=\"wp-caption-text\">Vaalea como<\/p><\/div>\n<div id=\"attachment_316\" style=\"width: 160px\" class=\"wp-caption alignnone\"><a href=\"http:\/\/www.silkkisolmu.fi\/wp-content\/uploads\/2020\/08\/IMG_20201217_140323.jpg\"><img loading=\"lazy\" decoding=\"async\" aria-describedby=\"caption-attachment-316\" class=\"wp-image-316 size-thumbnail\" src=\"http:\/\/www.silkkisolmu.fi\/wp-content\/uploads\/2020\/08\/IMG_20201217_140323-150x150.jpg\" alt=\"sdr\" width=\"150\" height=\"150\" \/><\/a><p id=\"caption-attachment-316\" class=\"wp-caption-text\">Punainen<\/p><\/div>\n<div id=\"attachment_317\" style=\"width: 160px\" class=\"wp-caption alignnone\"><a href=\"http:\/\/www.silkkisolmu.fi\/wp-content\/uploads\/2020\/08\/IMG_20201215_021104.jpg\"><img loading=\"lazy\" decoding=\"async\" aria-describedby=\"caption-attachment-317\" class=\"wp-image-317 size-thumbnail\" src=\"http:\/\/www.silkkisolmu.fi\/wp-content\/uploads\/2020\/08\/IMG_20201215_021104-150x150.jpg\" alt=\"dav\" width=\"150\" height=\"150\" \/><\/a><p id=\"caption-attachment-317\" class=\"wp-caption-text\">Oliivinlehti vihre\u00e4<\/p><\/div>\n<div id=\"attachment_307\" style=\"width: 160px\" class=\"wp-caption alignnone\"><a href=\"http:\/\/www.silkkisolmu.fi\/wp-content\/uploads\/2020\/08\/IMG_20201023_141425.jpg\"><img loading=\"lazy\" decoding=\"async\" aria-describedby=\"caption-attachment-307\" class=\"wp-image-307 size-thumbnail\" src=\"http:\/\/www.silkkisolmu.fi\/wp-content\/uploads\/2020\/08\/IMG_20201023_141425-150x150.jpg\" alt=\"IMG_20201023_141425\" width=\"150\" height=\"150\" \/><\/a><p id=\"caption-attachment-307\" class=\"wp-caption-text\">Ruudut Vaalean punainen<\/p><\/div>\n<div id=\"attachment_306\" style=\"width: 160px\" class=\"wp-caption alignnone\"><a href=\"http:\/\/www.silkkisolmu.fi\/wp-content\/uploads\/2020\/08\/IMG_20201109_153753.jpg\"><img loading=\"lazy\" decoding=\"async\" aria-describedby=\"caption-attachment-306\" class=\"wp-image-306 size-thumbnail\" src=\"http:\/\/www.silkkisolmu.fi\/wp-content\/uploads\/2020\/08\/IMG_20201109_153753-150x150.jpg\" alt=\"IMG_20201109_153753\" width=\"150\" height=\"150\" \/><\/a><p id=\"caption-attachment-306\" class=\"wp-caption-text\">Sininen<\/p><\/div>\n<div id=\"attachment_300\" style=\"width: 122px\" class=\"wp-caption alignnone\"><a href=\"http:\/\/www.silkkisolmu.fi\/wp-content\/uploads\/2020\/08\/IMG_20201124_182620.jpg\"><img loading=\"lazy\" decoding=\"async\" aria-describedby=\"caption-attachment-300\" class=\"wp-image-300 size-thumbnail\" src=\"http:\/\/www.silkkisolmu.fi\/wp-content\/uploads\/2020\/08\/IMG_20201124_182620-e1606324153502-112x150.jpg\" alt=\"IMG_20201124_182620\" width=\"112\" height=\"150\" \/><\/a><p id=\"caption-attachment-300\" class=\"wp-caption-text\">Tumman harmaa<\/p><\/div>\n<div id=\"attachment_298\" style=\"width: 160px\" class=\"wp-caption alignnone\"><a href=\"http:\/\/www.silkkisolmu.fi\/wp-content\/uploads\/2020\/08\/IMG_20201124_181944.jpg\"><img loading=\"lazy\" decoding=\"async\" aria-describedby=\"caption-attachment-298\" class=\"wp-image-298 size-thumbnail\" src=\"http:\/\/www.silkkisolmu.fi\/wp-content\/uploads\/2020\/08\/IMG_20201124_181944-150x150.jpg\" alt=\"IMG_20201124_181944\" width=\"150\" height=\"150\" \/><\/a><p id=\"caption-attachment-298\" class=\"wp-caption-text\">Nuolet (vaalea.punaine, sininen,harmaa)<\/p><\/div>\n<div id=\"attachment_271\" style=\"width: 160px\" class=\"wp-caption alignnone\"><a href=\"http:\/\/www.silkkisolmu.fi\/wp-content\/uploads\/2020\/08\/IMG_20201012_155459.jpg\"><img loading=\"lazy\" decoding=\"async\" aria-describedby=\"caption-attachment-271\" class=\"wp-image-271 size-thumbnail\" src=\"http:\/\/www.silkkisolmu.fi\/wp-content\/uploads\/2020\/08\/IMG_20201012_155459-150x150.jpg\" alt=\"Bambu\" width=\"150\" height=\"150\" \/><\/a><p id=\"caption-attachment-271\" class=\"wp-caption-text\">Bambu<\/p><\/div>\n<div id=\"attachment_275\" style=\"width: 160px\" class=\"wp-caption alignnone\"><a href=\"http:\/\/www.silkkisolmu.fi\/wp-content\/uploads\/2020\/08\/IMG_20201012_155443.jpg\"><img loading=\"lazy\" decoding=\"async\" aria-describedby=\"caption-attachment-275\" class=\"size-thumbnail wp-image-275\" src=\"http:\/\/www.silkkisolmu.fi\/wp-content\/uploads\/2020\/08\/IMG_20201012_155443-150x150.jpg\" alt=\"Pupu\" width=\"150\" height=\"150\" \/><\/a><p id=\"caption-attachment-275\" class=\"wp-caption-text\">Pupu (loppu)<\/p><\/div>\n<div id=\"attachment_289\" style=\"width: 160px\" class=\"wp-caption alignnone\"><a href=\"http:\/\/www.silkkisolmu.fi\/wp-content\/uploads\/2020\/08\/IMG_20201016_1734361-e1603050194563.jpg\"><img loading=\"lazy\" decoding=\"async\" aria-describedby=\"caption-attachment-289\" class=\"size-thumbnail wp-image-289\" src=\"http:\/\/www.silkkisolmu.fi\/wp-content\/uploads\/2020\/08\/IMG_20201016_1734361-e1603050194563-150x150.jpg\" alt=\"Syd\u00e4n\" width=\"150\" height=\"150\" \/><\/a><p id=\"caption-attachment-289\" class=\"wp-caption-text\">Syd\u00e4n<\/p><\/div>\n<div id=\"attachment_273\" style=\"width: 160px\" class=\"wp-caption alignnone\"><a href=\"http:\/\/www.silkkisolmu.fi\/wp-content\/uploads\/2020\/08\/IMG_20201012_160224-e1603050489695.jpg\"><img loading=\"lazy\" decoding=\"async\" aria-describedby=\"caption-attachment-273\" class=\"size-thumbnail wp-image-273\" src=\"http:\/\/www.silkkisolmu.fi\/wp-content\/uploads\/2020\/08\/IMG_20201012_160224-e1603050489695-150x150.jpg\" alt=\"Harmaa \" width=\"150\" height=\"150\" \/><\/a><p id=\"caption-attachment-273\" class=\"wp-caption-text\">Harmaa<\/p><\/div>\n<div id=\"attachment_280\" style=\"width: 160px\" class=\"wp-caption alignnone\"><a href=\"http:\/\/www.silkkisolmu.fi\/wp-content\/uploads\/2020\/08\/IMG_20201012_160202.jpg\"><img loading=\"lazy\" decoding=\"async\" aria-describedby=\"caption-attachment-280\" class=\"size-thumbnail wp-image-280\" src=\"http:\/\/www.silkkisolmu.fi\/wp-content\/uploads\/2020\/08\/IMG_20201012_160202-150x150.jpg\" alt=\"Beige vaalea \" width=\"150\" height=\"150\" \/><\/a><p id=\"caption-attachment-280\" class=\"wp-caption-text\">Beige vaalea<\/p><\/div>\n<div id=\"attachment_282\" style=\"width: 160px\" class=\"wp-caption alignnone\"><a href=\"http:\/\/www.silkkisolmu.fi\/wp-content\/uploads\/2020\/08\/IMG_20201012_155409.jpg\"><img loading=\"lazy\" decoding=\"async\" aria-describedby=\"caption-attachment-282\" class=\"size-thumbnail wp-image-282\" src=\"http:\/\/www.silkkisolmu.fi\/wp-content\/uploads\/2020\/08\/IMG_20201012_155409-150x150.jpg\" alt=\"Tummansininen \" width=\"150\" height=\"150\" \/><\/a><p id=\"caption-attachment-282\" class=\"wp-caption-text\">Tummansininen<\/p><\/div>\n<div id=\"attachment_281\" style=\"width: 160px\" class=\"wp-caption alignnone\"><a href=\"http:\/\/www.silkkisolmu.fi\/wp-content\/uploads\/2020\/08\/IMG_20200819_121053.jpg\"><img loading=\"lazy\" decoding=\"async\" aria-describedby=\"caption-attachment-281\" class=\"size-thumbnail wp-image-281\" src=\"http:\/\/www.silkkisolmu.fi\/wp-content\/uploads\/2020\/08\/IMG_20200819_121053-150x150.jpg\" alt=\"T\u00e4hdet,harmaa, leijona\" width=\"150\" height=\"150\" \/><\/a><p id=\"caption-attachment-281\" class=\"wp-caption-text\">T\u00e4hdet,harmaa, leijona<\/p><\/div>\n<div id=\"attachment_269\" style=\"width: 160px\" class=\"wp-caption alignnone\"><a href=\"http:\/\/www.silkkisolmu.fi\/wp-content\/uploads\/2020\/08\/IMG_20200912_144959.jpg\"><img loading=\"lazy\" decoding=\"async\" aria-describedby=\"caption-attachment-269\" class=\"wp-image-269 size-thumbnail\" src=\"http:\/\/www.silkkisolmu.fi\/wp-content\/uploads\/2020\/08\/IMG_20200912_144959-150x150.jpg\" alt=\"Varasto yksiv\u00e4risi\u00e4 oikealta vasemmalle: 1.punaine 2.beige vaalea 3. Beige vihre\u00e4 4. Harmaa punertava 5.harmaa 6.musta 7.valkoinen\" width=\"150\" height=\"150\" \/><\/a><p id=\"caption-attachment-269\" class=\"wp-caption-text\">Varasto yksiv\u00e4risi\u00e4 oikealta vasemmalle:<br \/> 1.punaine<br \/> 2.beige vaalea<br \/> 3. Beige vihre\u00e4<br \/> 4. Harmaa punertava<br \/> 5.harmaa<br \/> 6.musta<br \/> 7.valkoinen<\/p><\/div>\n<p>&nbsp;<\/p>\n<p>&nbsp;<\/p>\n<p>&nbsp;<\/p>\n<p>&nbsp;<\/p>\n<p>&nbsp;<\/p>\n<p>&nbsp;<\/p>\n<p>&nbsp;<\/p>\n<p>&nbsp;<\/p>\n","protected":false},"excerpt":{"rendered":"<p>Myymme kangasmaskeja tilauksesta susanna@silkkisolmu.fi. 1-10kpl tilaus 10e\/kpl istutettu malli 10,90e\/kpl laskostettu malli isommat tilaukset ja maskit omalla logolla pyyd\u00e4 tarjous! &nbsp; Kasvomaski ei suojaa maskin k\u00e4ytt\u00e4j\u00e4\u00e4 viruksilta, mutta se voi oikein k\u00e4ytettyn\u00e4 est\u00e4\u00e4 virusta kantavaa henkil\u00f6\u00e4 tartuttamasta muita. Materiaali: Kolme kerrosta puuvillaa TAI kaksi kerrosta puuvillakangasta ja yksi v\u00e4likerros polypropyleenia. (100% polypropyleeni kasvomaskisuodatinkuitu. 3-kerros pr\u00e4ss\u00e4tty [&hellip;]<\/p>\n","protected":false},"author":1,"featured_media":0,"parent":0,"menu_order":0,"comment_status":"closed","ping_status":"closed","template":"","meta":{"footnotes":""},"class_list":["post-255","page","type-page","status-publish","hentry"],"_links":{"self":[{"href":"http:\/\/www.silkkisolmu.fi\/index.php?rest_route=\/wp\/v2\/pages\/255","targetHints":{"allow":["GET"]}}],"collection":[{"href":"http:\/\/www.silkkisolmu.fi\/index.php?rest_route=\/wp\/v2\/pages"}],"about":[{"href":"http:\/\/www.silkkisolmu.fi\/index.php?rest_route=\/wp\/v2\/types\/page"}],"author":[{"embeddable":true,"href":"http:\/\/www.silkkisolmu.fi\/index.php?rest_route=\/wp\/v2\/users\/1"}],"replies":[{"embeddable":true,"href":"http:\/\/www.silkkisolmu.fi\/index.php?rest_route=%2Fwp%2Fv2%2Fcomments&post=255"}],"version-history":[{"count":12,"href":"http:\/\/www.silkkisolmu.fi\/index.php?rest_route=\/wp\/v2\/pages\/255\/revisions"}],"predecessor-version":[{"id":318,"href":"http:\/\/www.silkkisolmu.fi\/index.php?rest_route=\/wp\/v2\/pages\/255\/revisions\/318"}],"wp:attachment":[{"href":"http:\/\/www.silkkisolmu.fi\/index.php?rest_route=%2Fwp%2Fv2%2Fmedia&parent=255"}],"curies":[{"name":"wp","href":"https:\/\/api.w.org\/{rel}","templated":true}]}}